est common divisor of 138 and 5261250?
138
What is the highest common divisor of 568 and 133764?
284
What is the greatest common factor of 72 and 4808?
8
Calculate the greatest common factor of 5047 and 343.
49
What is the greatest common factor of 99932 and 2408?
1204
Calculate the greatest common divisor of 90298 and 9568.
598
What is the highest common factor of 82 and 239194?
82
What is the greatest common factor of 238 and 167?
1
What is the greatest common factor of 69455 and 725?
145
Calculate the highest common factor of 560 and 99056.
16
What is the greatest common factor of 14 and 504070?
14
Calculate the highest common divisor of 60 and 232836.
12
What is the highest common divisor of 39 and 77181?
39
Calculate the highest common divisor of 3891 and 21.
3
Calculate the highest common divisor of 56880 and 400.
80
Calculate the greatest common divisor of 9555 and 2015.
65
Calculate the highest common divisor of 40044 and 5396.
284
Calculate the highest common factor of 122 and 842.
2
Calculate the greatest common factor of 1937 and 6500.
13
Calculate the greatest common factor of 8395 and 29095.
115
Calculate the greatest common divisor of 84184 and 408.
136
Calculate the highest common divisor of 3895 and 2255.
205
Calculate the highest common factor of 2 and 334798.
2
What is the greatest common divisor of 3954 and 4116?
6
Calculate the greatest common factor of 81 and 32481.
81
Calculate the greatest common factor of 20 and 586530.
10
Calculate the highest common divisor of 340 and 2120.
20
Calculate the greatest common divisor of 1995 and 13281.
57
Calculate the highest common divisor of 40893 and 3999.
129
Calculate the highest common factor of 1625 and 59075.
25
What is the highest common factor of 262730 and 235?
235
Calculate the highest common divisor of 1307352 and 912.
456
What is the greatest common factor of 539 and 30478?
49
Calculate the greatest common factor of 4890 and 765.
15
Calculate the greatest common factor of 547 and 9474587.
547
Calculate the highest common divisor of 145 and 8680.
5
Calculate the highest common factor of 24771 and 1863.
69
What is the greatest common divisor of 6 and 258612?
6
Calculate the highest common factor of 104 and 908388.
52
What is the highest common factor of 15 and 8357085?
15
What is the highest common factor of 948472 and 168?
56
What is the greatest common divisor of 15054 and 5811?
39
What is the highest common factor of 148 and 4181?
37
Calculate the highest common factor of 98 and 11452.
14
What is the greatest common divisor of 5896 and 208571?
737
What is the highest common divisor of 14400 and 13050?
450
Calculate the highest common factor of 38 and 1041466.
38
What is the highest common factor of 5670 and 1665?
45
What is the greatest common divisor of 3295 and 321592?
659
Calculate the highest common divisor of 291 and 17751.
291
Calculate the greatest common factor of 24411 and 1343.
79
What is the greatest common divisor of 12530 and 139790?
70
What is the highest common divisor of 231176 and 3663?
407
What is the greatest common divisor of 15168 and 105544?
632
Calculate the highest common factor of 1166 and 17358.
22
Calculate the highest common divisor of 81 and 94635.
27
What is the highest common divisor of 144 and 14571?
9
Calculate the highest common divisor of 1219 and 10123.
53
What is the highest common divisor of 3608 and 138248?
88
What is the greatest common factor of 15704 and 26878?
302
What is the highest common divisor of 207324 and 13?
13
Calculate the highest common divisor of 99783 and 144.
9
Calculate the highest common divisor of 1347 and 8818809.
1347
What is the highest common factor of 3601917 and 33?
33
Calculate the highest common factor of 20 and 59135.
5
What is the highest common divisor of 11269 and 13370?
191
What is the greatest common factor of 140 and 134155?
35
What is the greatest common divisor of 353 and 34?
1
What is the highest common divisor of 70 and 945595?
35
Calculate the greatest common factor of 3208 and 16441.
401
Calculate the highest common divisor of 21 and 616091.
7
What is the greatest common factor of 3959880 and 120?
120
What is the greatest common factor of 42 and 101402?
14
What is the greatest common factor of 415500 and 1600?
100
Calculate the greatest common divisor of 2100 and 1764.
84
Calculate the highest common divisor of 279 and 3816162.
279
What is the highest common divisor of 936 and 1044?
36
What is the highest common factor of 361 and 88597?
19
Calculate the greatest common factor of 378 and 1086.
6
What is the highest common factor of 128 and 1667872?
32
Calculate the greatest common factor of 96 and 55668.
12
Calculate the greatest common factor of 41954 and 88.
22
What is the greatest common factor of 3648 and 26790?
114
What is the greatest common factor of 558 and 57288?
186
What is the highest common divisor of 912696 and 4?
4
Calculate the highest common divisor of 539 and 23471.
49
What is the greatest common factor of 1498860 and 1320?
660
What is the highest common factor of 169335 and 212?
53
What is the highest common factor of 5661 and 35649?
153
Calculate the highest common divisor of 9253 and 5844.
487
What is the highest common divisor of 691226 and 636?
106
What is the greatest common factor of 231298 and 218?
218
What is the highest common divisor of 45864 and 1326?
78
Calculate the greatest common factor of 1765 and 98134.
353
Calculate the highest common factor of 698970 and 1242.
138
Calculate the highest common factor of 36435 and 945.
105
Calculate the highest common factor of 3 and 22511.
1
Calculate the highest common divisor of 3029 and 12349.
233
What is the highest common divisor of 1071 and 228242?
119
Calculate the greatest common divisor of 32 and 22648.
8
What is the greatest common divisor of 10 and 130450?
10
Calculate the greatest common divisor of 40 and 457790.
10
Calculate the highest common divisor of 358896 and 432.
48
Calculate the greatest common divisor of 4116 and 357308.
196
What is the highest common factor of 81939 and 429?
429
What is the greatest common factor of 284 and 226?
2
What is the highest common factor of 33 and 8139?
3
What is the greatest common divisor of 20755 and 1015?
35
Calculate the greatest common divisor of 552 and 21459.
69
Calculate the highest common factor of 1408 and 55352.
88
Calculate the greatest common factor of 588 and 121548.
84
Calculate the highest common divisor of 7532 and 21.
7
Calculate the greatest common divisor of 9988 and 132.
44
What is the highest common factor of 231200 and 16?
16
What is the greatest common factor of 19705 and 35?
35
What is the highest common divisor of 2725 and 100?
25
What is the greatest common divisor of 47164 and 52?
52
What is the greatest common divisor of 589 and 4557?
31
What is the highest common divisor of 1015 and 455595?
35
Calculate the greatest common divisor of 29 and 1156433.
29
What is the highest common divisor of 2 and 9001?
1
Calculate the greatest common divisor of 10998 and 684414.
846
What is the highest common divisor of 7944 and 864?
24
What is the highest common factor of 550 and 21820?
10
What is the greatest common factor of 7 and 126238?
7
Calculate the highest common factor of 163984 and 2770.
554
What is the greatest common factor of 2398 and 40722?
22
Calculate the highest common factor of 1589 and 1561.
7
Calculate the highest common divisor of 180 and 38100.
60
What is the highest common factor of 390997 and 142?
71
What is the highest common factor of 2015 and 58001?
31
Calculate the greatest common factor of 213 and 135468.
213
Calculate the greatest common factor of 26 and 14963.
13
What is the highest common divisor of 2800 and 14200?
200
What is the greatest common factor of 2116 and 8188?
92
What is the highest common divisor of 504 and 99960?
168
Calculate the greatest common factor of 1636266 and 92.
46
Calculate the greatest common divisor of 78693 and 9537.
51
What is the highest common factor of 28747 and 1335?
89
Calculate the highest common factor of 172 and 2452.
4
What is the greatest common factor of 143585 and 65?
65
Calculate the highest common factor of 14 and 372778.
14
What is the highest common factor of 211 and 632789?
211
Wha